is divided by a?
6
Suppose -3*h + 81 = -0*h. What is the remainder when 46 is divided by h?
19
Let b = -41 - -69. Calculate the remainder when b is divided by 15.
13
Suppose -3*g = -16 - 5. Let m(j) be the second derivative of j**5/20 - j**4 + j**3/2 - 8*j**2 - 3*j. Calculate the remainder when m(12) is divided by g.
6
Let z(o) = -2*o**2 + o + 1. Let l be z(3). Let f = l + 21. Calculate the remainder when 20 is divided by f.
6
Suppose 4*c = 51 + 9. Suppose 0 = 5*j - 5. Let h(i) = 7*i + 1. What is the remainder when c is divided by h(j)?
7
What is the remainder when 126/24 - (-1)/(-4) is divided by 2?
1
Let d(g) = g**2 + 30*g - 84. What is the remainder when 257 is divided by d(-34)?
49
Let x = -10 + 16. Suppose -47 = -z - w, 2*z + 4*w + 220 = x*z. What is the remainder when z is divided by 13?
12
What is the remainder when 13 is divided by (6/5)/(((-126)/(-20))/21)?
1
Let t be (12/(-21))/(6/(-21)). Suppose t*b + c - 46 = -2*b, 0 = -2*b - c + 24. Calculate the remainder when 19 is divided by b.
8
Let j(i) = 12*i + 6. What is the remainder when j(2) is divided by 17?
13
Suppose -4*n - 2 = -2*n + 2*r, 3*n - 21 = 3*r. Suppose 2*h + 13 = m, 2*m - 5*h = n*m + 15. Calculate the remainder when 12 is divided by m.
2
Let x = -10 - -17. Suppose -2*p = -x*p + 285. Suppose -71 = -5*j - t, 0*j - 3*t = -3*j + p. What is the remainder when 29 is divided by j?
14
Let l(w) = -2*w + 2. Let a(c) = -c - 1. Let i(g) = g**2 + 4*g + 3. Let f be i(-4). Let p be a(f). What is the remainder when 29 is divided by l(p)?
9
Let y(o) = o**2 - 4*o. Calculate the remainder when y(-3) is divided by 1/(5/(-12))*-5.
9
Suppose 3*f - 68 = -f. What is the remainder when 46 is divided by f?
12
Suppose -j - 4 = j, 8 = -2*p - j. What is the remainder when (1 - 2)*(-10 + 1) is divided by (-2)/(p/((-45)/(-6)))?
4
Suppose 0 = -k, -k + 3*k + 34 = 2*l. What is the remainder when l is divided by 9?
8
What is the remainder when 4*(-2)/(-8) - -53 is divided by 14?
12
Let i be 8*(90/(-4))/(-5). Suppose -v + 4*f - 43 = -4*v, 3*f + i = 3*v. What is the remainder when 38 is divided by v?
12
Suppose 0 = -4*k + 3*d + 28 + 60, 0 = 4*k - 2*d - 84. Let s be (-58)/(-18) - 6/27. Let a = s - -4. What is the remainder when k is divided by a?
5
Let j = 39 - 30. Let q = 2 + 8. What is the remainder when q + 2 + 2 - -2 is divided by j?
7
Suppose 0 = -5*b - 4 - 6. Calculate the remainder when ((-4)/12)/(b/156) is divided by 7.
5
Suppose 4*y + 6*y = 300. Calculate the remainder when 75 is divided by y.
15
Let s(x) = -x**3 - 10*x**2 - 4*x - 4. Let z be s(-10). Suppose 0 = -3*a + 5*a + 4*w - z, 4*a - 86 = -w. What is the remainder when a is divided by 8?
6
Let l(t) = 2*t. Let p be l(-8). Let d = 35 + p. What is the remainder when d is divided by (-2)/(-5) + 33/5?
5
What is the remainder when 1/4 + 71/4 is divided by ((-18)/(-27))/(4/30)?
3
Suppose 0*u = u. Suppose 23 = l - u*l. What is the remainder when l is divided by 8?
7
Suppose -5*i - 20 = -i. Let m = -7 - i. Calculate the remainder when 84/8*m/(-3) is divided by 3.
1
Suppose 2*r = 2*j - 7*j + 167, 2*r - 4*j = 194. Calculate the remainder when r is divided by 16.
11
Suppose 4*v + 12 = 4*p, -p - 5*v + 2*v = -23. Suppose 195 = -0*r + 13*r. What is the remainder when r is divided by p?
7
Let q = 8 - 7. Let x = 1 - -6. Suppose -l + x = -q. What is the remainder when 13 is divided by l?
5
What is the remainder when 3 is divided by (-2)/(8/4) + 3?
1
Let o be 2/12 - 41/(-6). Let p = 168 - 105. Suppose p = 4*d + o. Calculate the remainder when d is divided by 5.
4
Suppose -3*f - m = 2*m - 6, 3*f + m = 2. Let g(c) = -c**2 - 7*c + f*c**2 + 0*c**2 + 6. Calculate the remainder when 22 is divided by g(-6).
10
Let g = -14 - -16. Suppose 0 = 4*n + 3*z - 32, -n - 28 = -5*n - g*z. What is the remainder when 17 is divided by n?
2
Suppose 2*o = 64 + 8. Suppose -5*g + 4*f = -107, 4*g - 6*f + f - 91 = 0. Calculate the remainder when o is divided by g.
17
Let d = 16 + -2. Let j be (-4)/(-7)*d/4. Suppose j*c - 30 = -0*c. What is the remainder when 28 is divided by c?
13
Suppose -14*m + 31 = -13*m. Let f(z) = z**2 + 3*z + 1. Calculate the remainder when m is divided by f(-5).
9
Suppose -k - 4*k + 520 = 0. Let f = 73 - k. Let l = -14 - f. What is the remainder when 32 is divided by l?
15
Suppose t - 5*t - 3*u = 0, 0 = -5*u. Suppose -2*m + 108 = 5*l, 0 = 5*l - t*m + 5*m - 120. What is the remainder when 37 is divided by l?
17
Let c be 0*2/4 - -7. Let n = c - -4. What is the remainder when n is divided by 7?
4
Let g = -35 + 122. Calculate the remainder when g is divided by 15.
12
Let a be 0 + 1 - (-4 - -2). Suppose 0 = a*f - 0*f - 42. What is the remainder when (-80)/3*(-3)/2 is divided by f?
12
Suppose -3*s + s = w + 19, 3*w + 5*s + 52 = 0. Let v = w - -12. What is the remainder when v is divided by 1?
0
Suppose -5*r - 4*w + 0*w + 218 = 0, 4*r + 2*w = 178. Suppose 4*g + 40 = -4*n, -15 = 5*g - 0*g. Calculate the remainder when r is divided by -1 + 18 - (n - -8).
14
Let z(f) = 10*f**2 - 2*f - 1. Let p = 586 - 571. What is the remainder when z(-2) is divided by p?
13
Let g(i) = 3*i**3 + 4*i**2 - 3*i. Suppose 0*v + 5*m + 29 = 2*v, -4*m = 3*v - 32. Calculate the remainder when g(2) is divided by v.
10
Suppose -2*o + 38 = -3*w, -3*o - 2*w + 43 = -3*w. Calculate the remainder when 89 is divided by o.
11
Suppose 1 = -o + 3. Suppose o*d + 3*z - 226 = 0, 4*d = -2*z + 219 + 217. What is the remainder when d is divided by 27?
26
Let h(m) be the second derivative of -m**3/6 - m. Let k(s) = s**3 + 8*s**2 + s + 1. Let g be k(-8). What is the remainder when 13 is divided by h(g)?
6
Suppose 4*v - 1 = 7. Suppose 0 = -5*k + y + 45 + 45, v*y = 2*k - 44. Calculate the remainder when 65 is divided by k.
14
Suppose 0 = -15*f + 6*f + 261. Let n(l) = -39*l - 4. Calculate the remainder when n(-3) is divided by f.
26
Suppose -3*u - 3*d + 15 = 0, 5*d - 15 = 3*u - 46. What is the remainder when 27 is divided by u?
6
Suppose 3*v = -4*g + 113, 5*g + 13 = 5*v + 163. What is the remainder when g is divided by 8?
5
Let s = 101 + -55. Let q = s + -28. What is the remainder when 52 is divided by q?
16
Suppose 10*o - 266 = -26. Calculate the remainder when 215 is divided by o.
23
Suppose -2*z + 132 = 4*n, -n + 3*z + 2*z + 55 = 0. Suppose -x + 72 = 3*x. What is the remainder when n is divided by x?
17
Let u(f) = -f**3 + 9*f**2 - 5*f + 10. Let s be u(8). Suppose 0 = k - 14 - s. What is the remainder when k is divided by 25?
23
Suppose y + 2 + 0 = 0. Let f = -2 - y. Suppose f = 2*x - 3*x + k + 20, 3*x = k + 58. What is the remainder when x is divided by 7?
5
Let h be (-7)/(-3) + 8/12. Let r = 3 - h. Suppose 3*q - 34 + 7 = r. What is the remainder when 16 is divided by q?
7
Let z = 18 - 36. Let l = z + 32. What is the remainder when 25 is divided by l?
11
Suppose 0 = 4*p - 5*c - 54, -2*p + 42 = p - 3*c. Calculate the remainder when 109 is divided by p.
13
Let b(l) = -l + 5 - l**3 - 8*l**2 + 0*l**3 + 0*l + 2*l**2. Calculate the remainder when b(-6) is divided by 6.
5
Let r be 2/(-1)*9/2. Let t = r - -11. What is the remainder when 4 is divided by t?
0
Let z(h) = -3*h + 40. What is the remainder when 52 is divided by z(6)?
8
Let g be -102*(3/6)/(-1). Suppose 5*o = -6 + g. Let k = -22 + 47. Calculate the remainder when k is divided by o.
7
What is the remainder when 3*(-2)/4*(-14)/1 is divided by 11?
10
Let g be 1 + -1 - 3/(-3). What is the remainder when 23 is divided by g/2 - 30/(-4)?
7
Suppose 5*t - 90 = 4*f - f, -54 = -3*t + 2*f. Let n(q) = -q**2 + 3*q + 2. Let b be n(3). Suppose -20 = -b*x - 0. What is the remainder when t is divided by x?
8
Suppose -9*u + 7*u = -24. What is the remainder when u is divided by 11?
1
Suppose 3*p - 22 = -4*l + p, 0 = -3*l - 4*p + 19. Suppose -2*w = w - 21. What is the remainder when w is divided by l?
2
What is the remainder when 38 is divided by (4 + (-18)/4)*-26?
12
Suppose 0 = 5*w - 2*g - 122, -5*w - 5*g + 176 = 26. Suppose -w = -3*z - 9*i + 4*i, -4*z + i + 27 = 0. Calculate the remainder when 17 is divided by z.
3
Let d(o) = 14*o - 12. What is the remainder when d(4) is divided by 16?
12
Suppose 5*k + 2 = 3*r, -k - 5 = 5*r + 1. Let h(t) = -3*t + 1. Let b(o) = -6*o**3 + 2*o**2 + 2*o. Calculate the remainder when b(-1) is divided by h(r).
2
Suppose -d - 66 = -4*d. What is the remainde